{"id":320,"date":"2012-06-28T12:59:01","date_gmt":"2012-06-28T12:59:01","guid":{"rendered":"http:\/\/www.compagniedupassage.ch\/?page_id=320"},"modified":"2022-09-28T11:09:02","modified_gmt":"2022-09-28T11:09:02","slug":"spectacles","status":"publish","type":"page","link":"https:\/\/www.compagniedupassage.ch\/2022\/spectacles\/","title":{"rendered":"Spectacles"},"content":{"rendered":"<p>2022 \u00b7 <a href=\"https:\/\/www.compagniedupassage.ch\/spectacles\/ca-veut-jouer-ou-bien\/\">\u00c7a veut jouer (ou bien?)<\/a><br \/>\npar Robert Bouvier<\/p>\n<p>2022 \u00b7 <a title=\"Cinq hommes\" href=\"http:\/\/www.compagniedupassage.ch\/spectacles\/cinq-hommes\/\">Cinq hommes<\/a> \/ reprise<br \/>\nde Daniel Keene<\/p>\n<p>2021 \u00b7 <a href=\"https:\/\/www.compagniedupassage.ch\/spectacles\/les-merveilles\/\" target=\"_blank\" rel=\"noopener\">Les merveilles<\/a><br \/>\ncr\u00e9ation Robert Bouvier<\/p>\n<p>2020 \u00b7 <a href=\"https:\/\/www.compagniedupassage.ch\/nous-roulons-sur-des-rails-donc-ce-tunnel-doit-conduire-quelque-part\/\" target=\"_blank\" rel=\"noopener noreferrer\">Nous roulons sur des rails, donc ce tunnel doit conduire quelque part&#8230;<\/a><br \/>\nd\u2019apr\u00e8s \u00abLe Tunnel\u00bb de Friedrich D\u00fcrrenmatt<br \/>\nsuivi de \u00abPerc\u00e9es\u00bb d\u2019Odile Cornuz<\/p>\n<p>2019 \u00b7 <a href=\"https:\/\/www.compagniedupassage.ch\/spectacles\/kvetch\/\" target=\"_blank\" rel=\"noopener noreferrer\">Kvetch<\/a><br \/>\nde Steven Berkoff<\/p>\n<p>2019 \u00b7 <a href=\"https:\/\/www.compagniedupassage.ch\/spectacles\/nous-leurope\/\" target=\"_blank\" rel=\"noopener noreferrer\">Nous, l&rsquo;Europe ou le banquet des peuples<\/a><br \/>\nde Laurent Gaud\u00e9<\/p>\n<p>2018 \u00b7 <a href=\"http:\/\/www.compagniedupassage.ch\/spectacles\/funerailles-dhiver\/\">Fun\u00e9railles d&rsquo;hiver<\/a><br \/>\nd&rsquo;Hanokh Levin<\/p>\n<p>2016 \u00b7&nbsp;<a title=\"Le chant du cygne\" href=\"http:\/\/www.compagniedupassage.ch\/spectacles\/le-chant-du-cygne\/\">Le chant du cygne<\/a><br \/>\nd&rsquo;Anton Tchekhov<\/p>\n<p>2015 \u00b7&nbsp;<a title=\"La cerisaie\" href=\"http:\/\/www.compagniedupassage.ch\/spectacles\/cerisaie\/\">La&nbsp;cerisaie<\/a><br \/>\nd&rsquo;Anton Tchekhov<\/p>\n<p>2014 \u00b7 <a title=\"Le poisson combattant\" href=\"http:\/\/www.compagniedupassage.ch\/spectacles\/poisson-combattant\/\">Le poisson combattant<\/a><br \/>\nde Fabrice Melquiot<\/p>\n<p>2013&nbsp;\u00b7&nbsp;<a title=\"Les fleurs du mal\" href=\"http:\/\/www.compagniedupassage.ch\/spectacles\/les-fleurs-du-mal\/\">Les fleurs du mal<\/a><br \/>\nde Charles Baudelaire<\/p>\n<p>2013&nbsp;\u00b7&nbsp;<a title=\"Les deux gentilshommes de V\u00e9rone\" href=\"http:\/\/www.compagniedupassage.ch\/spectacles\/les-gentilshommes-verone\/\">Les deux gentilshommes de V\u00e9rone<\/a><br \/>\nde William Shakespeare<\/p>\n<p>2012&nbsp;\u00b7&nbsp;<a title=\"Doute\" href=\"http:\/\/www.compagniedupassage.ch\/spectacles\/doute\/\">Doute<\/a><br \/>\nde John Patrick Shanley<\/p>\n<p>2011&nbsp;\u00b7&nbsp;<a title=\"Antigone\" href=\"http:\/\/www.compagniedupassage.ch\/spectacles\/antigone\/\">Antigone<\/a><br \/>\nd\u2019Antoinette Rychner, d\u2019apr\u00e8s Henry Bauchau<\/p>\n<p>2010 \u00b7 <a title=\"L\u2019\u00e9preuve &amp; Les acteurs de bonne foi\" href=\"http:\/\/www.compagniedupassage.ch\/spectacles\/lepreuve-les-acteurs-bonne-foi\/\">L\u2019\u00e9preuve &amp; Les acteurs de bonne foi<\/a><br \/>\nde Marivaux<\/p>\n<p>2009&nbsp;\u00b7&nbsp;<a title=\"Les peintres au charbon\" href=\"http:\/\/www.compagniedupassage.ch\/spectacles\/les-peintres-au-charbon\/\">Les peintres au charbon<\/a><br \/>\nde Lee Hall<\/p>\n<p>2008&nbsp;\u00b7&nbsp;<a title=\"24 heures de la vie d\u2019une femme\" href=\"http:\/\/www.compagniedupassage.ch\/spectacles\/24-heures-vie-dune-femme\/\">24 heures de la vie d&rsquo;une femme<\/a><br \/>\nde Stefan Zweig<\/p>\n<p>2008&nbsp;\u00b7&nbsp;<a title=\"Les estivants\" href=\"http:\/\/www.compagniedupassage.ch\/spectacles\/les-estivants\/\">Les estivants<\/a><br \/>\nde Maxime Gorki<\/p>\n<p>2007&nbsp;\u00b7&nbsp;<a title=\"Les gloutons\" href=\"http:\/\/www.compagniedupassage.ch\/spectacles\/les-gloutons\/\">Les gloutons<\/a><br \/>\nconception de Robert Bouvier<\/p>\n<p>2006&nbsp;\u00b7&nbsp;<a title=\"Cinq hommes\" href=\"http:\/\/www.compagniedupassage.ch\/spectacles\/cinq-hommes\/\">Cinq hommes<\/a><br \/>\nde Daniel Keene<\/p>\n<p>2005&nbsp;\u00b7&nbsp;<a title=\"Eloge de la faiblesse\" href=\"http:\/\/www.compagniedupassage.ch\/spectacles\/eloge-faiblesse\/\">Eloge de la faiblesse<\/a><br \/>\nd&rsquo;apr\u00e8s Alexandre Jollien<\/p>\n<p>2004&nbsp;\u00b7&nbsp;<a title=\"Une lune pour les d\u00e9sh\u00e9rit\u00e9s\" href=\"http:\/\/www.compagniedupassage.ch\/spectacles\/lune-les-desherites\/\">Une lune pour les d\u00e9sh\u00e9rit\u00e9s<\/a><br \/>\nd&rsquo;Eug\u00e8ne O&rsquo;Neill<\/p>\n<p>2003&nbsp;\u00b7&nbsp;<a title=\"Lorenzaccio\" href=\"http:\/\/www.compagniedupassage.ch\/spectacles\/lorenzaccio\/\">Lorenzaccio<\/a><br \/>\nd&rsquo;apr\u00e8s Alfred de Musset<\/p>\n<p>1994 \u00b7&nbsp;<a title=\"Fran\u00e7ois d\u2019Assise\" href=\"http:\/\/www.compagniedupassage.ch\/spectacles\/francois-dassise\/\">Fran\u00e7ois d&rsquo;Assise<\/a><br \/>\nde Joseph Delteil<\/p>\n","protected":false},"excerpt":{"rendered":"<p>2022 \u00b7 \u00c7a veut jouer (ou bien?) par Robert Bouvier 2022 \u00b7 Cinq hommes \/ reprise de Daniel Keene 2021 \u00b7 Les merveilles cr\u00e9ation Robert Bouvier 2020 \u00b7 Nous roulons sur des rails, donc ce tunnel doit conduire quelque part&#8230;<span class=\"ellipsis\">&hellip;<\/span><\/p>\n<div class=\"read-more\"><a href=\"https:\/\/www.compagniedupassage.ch\/2022\/spectacles\/\">Lire la suite &#8250;<\/a><\/div>\n<p><!-- end of .read-more --><\/p>\n","protected":false},"author":9,"featured_media":0,"parent":0,"menu_order":11,"comment_status":"closed","ping_status":"open","template":"","meta":{"ngg_post_thumbnail":0,"footnotes":"","_links_to":"","_links_to_target":""},"class_list":["post-320","page","type-page","status-publish","hentry"],"_links":{"self":[{"href":"https:\/\/www.compagniedupassage.ch\/2022\/wp-json\/wp\/v2\/pages\/320","targetHints":{"allow":["GET"]}}],"collection":[{"href":"https:\/\/www.compagniedupassage.ch\/2022\/wp-json\/wp\/v2\/pages"}],"about":[{"href":"https:\/\/www.compagniedupassage.ch\/2022\/wp-json\/wp\/v2\/types\/page"}],"author":[{"embeddable":true,"href":"https:\/\/www.compagniedupassage.ch\/2022\/wp-json\/wp\/v2\/users\/9"}],"replies":[{"embeddable":true,"href":"https:\/\/www.compagniedupassage.ch\/2022\/wp-json\/wp\/v2\/comments?post=320"}],"version-history":[{"count":26,"href":"https:\/\/www.compagniedupassage.ch\/2022\/wp-json\/wp\/v2\/pages\/320\/revisions"}],"predecessor-version":[{"id":2381,"href":"https:\/\/www.compagniedupassage.ch\/2022\/wp-json\/wp\/v2\/pages\/320\/revisions\/2381"}],"wp:attachment":[{"href":"https:\/\/www.compagniedupassage.ch\/2022\/wp-json\/wp\/v2\/media?parent=320"}],"curies":[{"name":"wp","href":"https:\/\/api.w.org\/{rel}","templated":true}]}}