{"id":30,"date":"2012-05-31T14:12:36","date_gmt":"2012-05-31T14:12:36","guid":{"rendered":"http:\/\/www.compagniedupassage.ch\/nouveau\/?page_id=30"},"modified":"2018-08-09T15:06:57","modified_gmt":"2018-08-09T15:06:57","slug":"lorenzaccio","status":"publish","type":"page","link":"https:\/\/www.compagniedupassage.ch\/2022\/spectacles\/lorenzaccio\/","title":{"rendered":"Lorenzaccio"},"content":{"rendered":"<p style=\"text-align: justify;\">d\u2019<strong>Alfred de Musset<\/strong>,&nbsp;mise en sc\u00e8ne&nbsp;<strong>Anne-C\u00e9cile Moser<\/strong><\/p>\n<p style=\"text-align: justify;\">Florence subit la tyrannie d&rsquo;un d\u00e9bauch\u00e9, le duc Alexandre, b\u00e2tard des M\u00e9dicis, soutenu par les troupes d\u2019occupation de Charles Quint. Accompagn\u00e9 par son cousin Lorenzo de M\u00e9dicis qu\u2019on appelle avec m\u00e9pris Lorenzaccio, il soumet la ville \u00e0 son bon plaisir. La r\u00e9volte gronde, et, dans l\u2019ombre, des conspirations se trament. Dont celle foment\u00e9e par Lorenzo qui se r\u00e9v\u00e8le un repr\u00e9sentant des opposants r\u00e9publicains au tyran. Si Lorenzo s\u2019est vou\u00e9 \u00e0 la d\u00e9bauche, c\u2019est d\u2019abord pour gagner la confiance d\u2019Alexandre et pouvoir ensuite l\u2019assassiner. Il accomplira son meurtre mais Florence n\u2019en tirera nulle lib\u00e9ration. Le peuple se soumet sans combattre au nouveau gouverneur de la ville, C\u00f4me de M\u00e9dicis, que le cardinal Cibo, \u00e9minence grise du Pape, leur a impos\u00e9 dans un simulacre d\u2019\u00e9lection. Le geste de Lorenzo aura \u00e9t\u00e9 inutile.<\/p>\n<p style=\"text-align: justify;\">ngg_shortcode_0_placeholder<\/p>\n<h6 style=\"text-align: justify;\">REVUE DE PRESSE<\/h6>\n<p style=\"text-align: justify;\"><em>\u00abUn thriller d\u00e9jant\u00e9, un kal\u00e9idoscope \u00e9nergiquement s\u00e9quenc\u00e9. Bouvier accomplit un brillant marathon.\u00bb&nbsp;<\/em><strong><em>Lib\u00e9ration<\/em><\/strong><\/p>\n<p style=\"text-align: justify;\"><em>&nbsp;\u00abUn condens\u00e9 d\u2019intelligence et de cauchemar \u00e9veill\u00e9.\u00bb&nbsp;<\/em><strong><em>Le Parisien<\/em><\/strong><\/p>\n<h6>TOURNEES 2003-2004<\/h6>\n<p><strong>66 repr\u00e9sentations<\/strong><\/p>\n<p><strong>2003<\/strong><br \/>\nNeuch\u00e2tel (CH) \u2013 Th\u00e9\u00e2tre du Passage<br \/>\nMonthey (CH) \u2013 Th\u00e9\u00e2tre du Crochetan<br \/>\nPontarlier (F) \u2013 Th\u00e9\u00e2tre Bernard Blier<br \/>\nYverdon (CH) \u2013 Th\u00e9\u00e2tre Benno Besson<br \/>\nLa Chaux-de-Fonds (CH) \u2013 Th\u00e9\u00e2tre Populaire Romand<br \/>\nBulle (CH) \u2013 H\u00f4tel de Ville<br \/>\nBerne (CH) \u2013 Stadttheater<br \/>\nB\u00e2le (CH) \u2013 Schauspielhaus<br \/>\nVevey (CH) \u2013 Th\u00e9\u00e2tre municipal<br \/>\nMeyrin (CH) \u2013 Forum Meyrin<\/p>\n<p><strong>2004<\/strong><br \/>\nNeuch\u00e2tel (CH) \u2013 Th\u00e9\u00e2tre du Passage<br \/>\nBienne (CH) \u2013 Th\u00e9\u00e2tre Palace<br \/>\nFribourg (CH) \u2013 Espace Moncor<br \/>\nLausanne (CH) \u2013 Th\u00e9\u00e2tre Vidy E.T.E.<br \/>\nIstres (F) \u2013 Th\u00e9\u00e2tre de l\u2019Olivier<br \/>\nCh\u00e2teauroux (F) \u2013 Equinoxe<br \/>\nIvry-s\/-Seine (F) \u2013 Th\u00e9\u00e2tre des Quartiers d\u2019Ivry<\/p>\n","protected":false},"excerpt":{"rendered":"<p>Florence subit la tyrannie d&rsquo;un d\u00e9bauch\u00e9, le duc Alexandre, b\u00e2tard des M\u00e9dicis, soutenu par les troupes d\u2019occupation de Charles Quint. Accompagn\u00e9 par son cousin Lorenzo de M\u00e9dicis qu\u2019on appelle avec m\u00e9pris Lorenzaccio, il soumet la ville \u00e0 son bon plaisir.<\/p>\n<div class=\"read-more\"><a href=\"https:\/\/www.compagniedupassage.ch\/2022\/spectacles\/lorenzaccio\/\">Lire la suite &#8250;<\/a><\/div>\n<p><!-- end of .read-more --><\/p>\n","protected":false},"author":9,"featured_media":1176,"parent":320,"menu_order":33,"comment_status":"closed","ping_status":"closed","template":"","meta":{"ngg_post_thumbnail":0,"footnotes":"","_links_to":"","_links_to_target":""},"class_list":["post-30","page","type-page","status-publish","has-post-thumbnail","hentry"],"_links":{"self":[{"href":"https:\/\/www.compagniedupassage.ch\/2022\/wp-json\/wp\/v2\/pages\/30","targetHints":{"allow":["GET"]}}],"collection":[{"href":"https:\/\/www.compagniedupassage.ch\/2022\/wp-json\/wp\/v2\/pages"}],"about":[{"href":"https:\/\/www.compagniedupassage.ch\/2022\/wp-json\/wp\/v2\/types\/page"}],"author":[{"embeddable":true,"href":"https:\/\/www.compagniedupassage.ch\/2022\/wp-json\/wp\/v2\/users\/9"}],"replies":[{"embeddable":true,"href":"https:\/\/www.compagniedupassage.ch\/2022\/wp-json\/wp\/v2\/comments?post=30"}],"version-history":[{"count":38,"href":"https:\/\/www.compagniedupassage.ch\/2022\/wp-json\/wp\/v2\/pages\/30\/revisions"}],"predecessor-version":[{"id":1949,"href":"https:\/\/www.compagniedupassage.ch\/2022\/wp-json\/wp\/v2\/pages\/30\/revisions\/1949"}],"up":[{"embeddable":true,"href":"https:\/\/www.compagniedupassage.ch\/2022\/wp-json\/wp\/v2\/pages\/320"}],"wp:featuredmedia":[{"embeddable":true,"href":"https:\/\/www.compagniedupassage.ch\/2022\/wp-json\/wp\/v2\/media\/1176"}],"wp:attachment":[{"href":"https:\/\/www.compagniedupassage.ch\/2022\/wp-json\/wp\/v2\/media?parent=30"}],"curies":[{"name":"wp","href":"https:\/\/api.w.org\/{rel}","templated":true}]}}