{"id":1900,"date":"2018-06-20T11:16:37","date_gmt":"2018-06-20T11:16:37","guid":{"rendered":"http:\/\/www.compagniedupassage.ch\/?page_id=1900"},"modified":"2019-07-01T13:53:07","modified_gmt":"2019-07-01T13:53:07","slug":"funerailles-dhiver","status":"publish","type":"page","link":"https:\/\/www.compagniedupassage.ch\/2022\/spectacles\/funerailles-dhiver\/","title":{"rendered":"Fun\u00e9railles d&rsquo;hiver"},"content":{"rendered":"<h4>Farce burlesque avec chansons<\/h4>\n<p>de&nbsp;<strong>Hanokh Levin<br \/>\n<\/strong>mise en sc\u00e8ne&nbsp;<strong>Michael Delaunoy&nbsp;<\/strong><\/p>\n<p>Que peut-il se passer quand, au m\u00eame moment dans une famille, un mariage et un enterrement s\u2019appr\u00eatent \u00e0 \u00eatre c\u00e9l\u00e9br\u00e9s ? Simultan\u00e9ment. Quand la r\u00e9alisation d\u2019un projet pens\u00e9 toute une vie doit \u00eatre retard\u00e9 par un \u00e9v\u00e8nement impr\u00e9vu : la disparition d\u2019un proche.<\/p>\n<p>Fun\u00e9railles d\u2019hiver, c\u2019est l\u2019histoire d\u2019une grande \u00e9chapp\u00e9e. Une \u00e9chapp\u00e9e fantastique et burlesque d\u00e9clench\u00e9e par la concomitance malheureuse de deux \u00e9v\u00e8nements majeurs. \u00c0 gauche, la cousine Shratzia marie sa fille unique V\u00e9lv\u00e9tsia avec Popotshenko. Les invit\u00e9s sont l\u00e0, les huit cents poulets r\u00f4tis sont command\u00e9s. Les beaux-parents dorment dans la maison de la fianc\u00e9e, paisiblement, en attendant les sacro-saintes noces. \u00c0 droite, le cousin Latshek Bobitshek, t\u00eate basse, pleure sur la mort de sa m\u00e8re. Avant qu\u2019elle ne le quitte, elle lui a fait promettre un bel enterrement, en pr\u00e9sence de toute la famille. Le voil\u00e0 donc parti nuitamment, et sous une pluie battante, annoncer la terrible nouvelle \u00e0 Shratzia et consorts.<br \/>\nC\u2019est alors que la famille d\u00e9cide de prendre ses jambes \u00e0 son cou afin d\u2019\u00e9viter l\u2019annonce de l\u2019incommodante nouvelle. Et la fuite commence\u2026 Une fuite totale et absolue\u2026 De la plage de Tel-Aviv aux sommets de l\u2019Himalaya, les voil\u00e0 tous contraints \u00e0 un triathlon in\u00e9dit avec \u00e9preuves de course \u00e0 pied, de vol en plein ciel et d\u2019escalade \u00e0 mains nues. On court, on court, mais personne ne s\u2019arr\u00eate\u2026 Seul un asc\u00e8te bouddhiste a pris racine sur les hauteurs du monde. Pour le reste, tout est fuite en avant : les gens, les choses, les id\u00e9es, les d\u00e9cors, les codes du th\u00e9\u00e2tre, la politesse, la retenue\u2026 Les corps se d\u00e9ballonnent bruyamment au moment de la mort\u2026Tout fout le camp.<\/p>\nngg_shortcode_0_placeholder\n<h6>Revue de presse &amp; critiques<\/h6>\n<p>\u00abNe vous fiez pas au titre ! L\u2019ambiance est plut\u00f4t au cabaret d\u00e9jant\u00e9. ***\u00bb <br \/>\nCatherine Makerell &#8211;<strong> Le Soir (B)<\/strong> &#8211; 11.01.2019<\/p>\n<p>\u00abTragicom\u00e9die grin\u00e7ante truff\u00e9e de clins d\u2019\u0153il, farcie de surr\u00e9alisme avec, pour gaz propulseur, le d\u00e9ni de ceux qui ne sauraient renoncer \u00e0 la c\u00e9r\u00e9monie dont ils ont tant r\u00eav\u00e9.\u00bb <br \/>\nMarie Baudet &#8211; <strong>La libre Belgique (B<\/strong>) &#8211;&nbsp;<span class=\"text_exposed_show\">14.01.2019<\/span><\/p>\n<div class=\"text_exposed_show\">\n<p>\u00abGros coup de c\u0153ur de la semaine !\u00bb<br \/>\nNicole Debarre &#8211; <strong>RTBF (B)<\/strong> &#8211; 14.01.2019<\/p>\n<p>\u00abEnterrement ou mariage ? Un match poursuite d\u00e9sopilant entre un solitaire intempestif et une famille rocambolesque.***\u00bb <br \/>\nChristian Jade &#8211; <strong>RTBF.BE<\/strong> &#8211; 14.01.2019<\/p>\n<p>\u00ab12 com\u00e9diens extraordinaires. Un moment jouissif. Une belle mise en sc\u00e8ne sign\u00e9e Michael Delaunoy !\u00bb<br \/>\nCarole Cornet &#8211; <strong>Brussels is Yours (B)<\/strong> &#8211; 15.01.2019<\/p>\n<p>\u00abUn immense et bouillonnant plaisir. C\u2019est vif, intelligent, d\u00e9cal\u00e9, cisel\u00e9, ma\u00eetris\u00e9. Le seul inconv\u00e9nient, c\u2019est cette envie tenace d\u2019y retourner.\u00bb C\u00e9cile Berthaud &#8211; <strong>L&rsquo;\u00e9cho (B)<\/strong> &#8211; 17.01.2019<\/p>\n<\/div>\n<p>\u00abLa r\u00e9ussite est totale. Face \u00e0 cette farce \u00e0 la fois burlesque et d\u00e9senchant\u00e9e, on rit du d\u00e9but \u00e0 la fin, et on comprend, entre les paillettes de la f\u00eate, que la m\u00e9lancolie n\u2019est jamais bien loin. Un succ\u00e8s r\u00e9jouissant qui repose aussi sur l\u2019excellence des com\u00e9diens (&#8230;) Le texte est brillant (&#8230;) Pas une seconde d\u2019ennui sur un spectacle de deux heures, la chose est assez rare pour \u00eatre relev\u00e9e! \u00a0\u00bb <br \/>\nMarie-Pierre Genecand &#8211; <strong>Le Temps (CH)<\/strong> &#8211; 05.12.2018<\/p>\n<p>\u00abPari gagn\u00e9 sur toute la ligne. Une distribution d\u00e9lirante. Il n&rsquo;y a pas une minute pour souffler, le rythme est endiabl\u00e9, les r\u00e9pliques acidul\u00e9es fusent entra\u00eenant de tonitruants \u00e9clats de rire, la salle jubile. On adore.\u00bb<br \/>\nPierre-Alain Favre \u2013 <strong>ArcInfo (CH) <\/strong>&#8211; 22.11.2018<\/p>\n<h6>Tourn\u00e9e (2018-2019)<\/h6>\n<p><strong>24 repr\u00e9sentations<\/strong><\/p>\n<p><strong>2018<\/strong><br \/>\nNeuch\u00e2tel (CH) \u2013 Th\u00e9\u00e2tre du Passage<br \/>\nBulle (CH) \u2013 CO2<br \/>\nMeyrin (CH) \u2013 Th\u00e9\u00e2tre Forum Meyrin<br \/>\nPully (CH) \u2013 L\u2019Octogone<br \/>\nFribourg (CH) \u2013 Equilibre<br \/>\nMonthey (CH) \u2013 Th\u00e9\u00e2tre du Crochetan<br \/>\nYverdon (CH) \u2013 Th\u00e9\u00e2tre Benno Besson<br \/>\nBienne (CH) \u2013 Nebia<\/p>\n<p><strong>2019<\/strong><br \/>\nBruxelles (B) \u2013 Le Rideau@Jacques Franck<br \/>\nMarche (B) \u2013 Maison de la culture Famenne-Ardenne<\/p>\n","protected":false},"excerpt":{"rendered":"<p>Farce burlesque avec chansons de&nbsp;Hanokh Levin mise en sc\u00e8ne&nbsp;Michael Delaunoy&nbsp; Que peut-il se passer quand, au m\u00eame moment dans une famille, un mariage et un enterrement s\u2019appr\u00eatent \u00e0 \u00eatre c\u00e9l\u00e9br\u00e9s ? Simultan\u00e9ment. Quand la r\u00e9alisation d\u2019un projet pens\u00e9 toute une<span class=\"ellipsis\">&hellip;<\/span><\/p>\n<div class=\"read-more\"><a href=\"https:\/\/www.compagniedupassage.ch\/2022\/spectacles\/funerailles-dhiver\/\">Lire la suite &#8250;<\/a><\/div>\n<p><!-- end of .read-more --><\/p>\n","protected":false},"author":9,"featured_media":1975,"parent":320,"menu_order":14,"comment_status":"closed","ping_status":"closed","template":"","meta":{"ngg_post_thumbnail":0,"footnotes":"","_links_to":"","_links_to_target":""},"class_list":["post-1900","page","type-page","status-publish","has-post-thumbnail","hentry"],"_links":{"self":[{"href":"https:\/\/www.compagniedupassage.ch\/2022\/wp-json\/wp\/v2\/pages\/1900","targetHints":{"allow":["GET"]}}],"collection":[{"href":"https:\/\/www.compagniedupassage.ch\/2022\/wp-json\/wp\/v2\/pages"}],"about":[{"href":"https:\/\/www.compagniedupassage.ch\/2022\/wp-json\/wp\/v2\/types\/page"}],"author":[{"embeddable":true,"href":"https:\/\/www.compagniedupassage.ch\/2022\/wp-json\/wp\/v2\/users\/9"}],"replies":[{"embeddable":true,"href":"https:\/\/www.compagniedupassage.ch\/2022\/wp-json\/wp\/v2\/comments?post=1900"}],"version-history":[{"count":13,"href":"https:\/\/www.compagniedupassage.ch\/2022\/wp-json\/wp\/v2\/pages\/1900\/revisions"}],"predecessor-version":[{"id":2041,"href":"https:\/\/www.compagniedupassage.ch\/2022\/wp-json\/wp\/v2\/pages\/1900\/revisions\/2041"}],"up":[{"embeddable":true,"href":"https:\/\/www.compagniedupassage.ch\/2022\/wp-json\/wp\/v2\/pages\/320"}],"wp:featuredmedia":[{"embeddable":true,"href":"https:\/\/www.compagniedupassage.ch\/2022\/wp-json\/wp\/v2\/media\/1975"}],"wp:attachment":[{"href":"https:\/\/www.compagniedupassage.ch\/2022\/wp-json\/wp\/v2\/media?parent=1900"}],"curies":[{"name":"wp","href":"https:\/\/api.w.org\/{rel}","templated":true}]}}